{"id":3198,"date":"2024-01-13T11:49:37","date_gmt":"2024-01-13T11:49:37","guid":{"rendered":"https:\/\/redescubramossonora.mx\/renaturasonora\/?page_id=3198"},"modified":"2025-09-22T18:22:08","modified_gmt":"2025-09-22T18:22:08","slug":"educacion-ambiental","status":"publish","type":"page","link":"https:\/\/redescubramossonora.mx\/renaturasonora\/educacion-ambiental\/","title":{"rendered":"EDUCACION AMBIENTAL"},"content":{"rendered":"\t\t<div data-elementor-type=\"wp-page\" data-elementor-id=\"3198\" class=\"elementor elementor-3198\" data-elementor-post-type=\"page\">\n\t\t\t\t\t\t<section class=\"elementor-section elementor-top-section elementor-element elementor-element-82cb759 elementor-section-boxed elementor-section-height-default elementor-section-height-default wpr-particle-no wpr-sticky-section-no wpr-column-slider-no wpr-equal-height-no\" data-id=\"82cb759\" data-element_type=\"section\" data-e-type=\"section\">\n\t\t\t\t\t\t<div class=\"elementor-container elementor-column-gap-default\">\n\t\t\t\t\t<div class=\"elementor-column elementor-col-100 elementor-top-column elementor-element elementor-element-812e739\" data-id=\"812e739\" data-element_type=\"column\" data-e-type=\"column\">\n\t\t\t<div class=\"elementor-widget-wrap elementor-element-populated\">\n\t\t\t\t\t\t<div class=\"elementor-element elementor-element-6d5f860 elementor-widget elementor-widget-text-editor\" data-id=\"6d5f860\" data-element_type=\"widget\" data-e-type=\"widget\" data-widget_type=\"text-editor.default\">\n\t\t\t\t<div class=\"elementor-widget-container\">\n\t\t\t\t\t\t\t\t\t<p><span style=\"color: #000000;\">La educaci\u00f3n ambiental para ni\u00f1os y adolescentes es crucial para cultivar una conciencia ecol\u00f3gica desde una edad temprana y fomentar actitudes y comportamientos sostenibles. Aqu\u00ed hay algunos aspectos clave sobre la educaci\u00f3n ambiental para este grupo de edad.<\/span><\/p>\t\t\t\t\t\t\t\t<\/div>\n\t\t\t\t<\/div>\n\t\t\t\t\t<\/div>\n\t\t<\/div>\n\t\t\t\t\t<\/div>\n\t\t<\/section>\n\t\t\t\t<section class=\"elementor-section elementor-top-section elementor-element elementor-element-bc97009 elementor-section-boxed elementor-section-height-default elementor-section-height-default wpr-particle-no wpr-sticky-section-no wpr-column-slider-no wpr-equal-height-no\" data-id=\"bc97009\" data-element_type=\"section\" data-e-type=\"section\">\n\t\t\t\t\t\t<div class=\"elementor-container elementor-column-gap-default\">\n\t\t\t\t\t<div class=\"elementor-column elementor-col-50 elementor-top-column elementor-element elementor-element-0fa0394\" data-id=\"0fa0394\" data-element_type=\"column\" data-e-type=\"column\">\n\t\t\t<div class=\"elementor-widget-wrap elementor-element-populated\">\n\t\t\t\t\t\t<div class=\"elementor-element elementor-element-7afb265 elementor-widget elementor-widget-image\" data-id=\"7afb265\" data-element_type=\"widget\" data-e-type=\"widget\" data-widget_type=\"image.default\">\n\t\t\t\t<div class=\"elementor-widget-container\">\n\t\t\t\t\t\t\t\t\t\t\t\t\t\t\t<img fetchpriority=\"high\" decoding=\"async\" width=\"1024\" height=\"683\" src=\"https:\/\/redescubramossonora.mx\/renaturasonora\/wp-content\/uploads\/2024\/01\/IMG_4038.jpg\" class=\"attachment-large size-large wp-image-3204\" alt=\"\" srcset=\"https:\/\/redescubramossonora.mx\/renaturasonora\/wp-content\/uploads\/2024\/01\/IMG_4038.jpg 1024w, https:\/\/redescubramossonora.mx\/renaturasonora\/wp-content\/uploads\/2024\/01\/IMG_4038-300x200.jpg 300w, https:\/\/redescubramossonora.mx\/renaturasonora\/wp-content\/uploads\/2024\/01\/IMG_4038-768x512.jpg 768w, https:\/\/redescubramossonora.mx\/renaturasonora\/wp-content\/uploads\/2024\/01\/IMG_4038-205x137.jpg 205w, https:\/\/redescubramossonora.mx\/renaturasonora\/wp-content\/uploads\/2024\/01\/IMG_4038-480x320.jpg 480w\" sizes=\"(max-width: 1024px) 100vw, 1024px\" \/>\t\t\t\t\t\t\t\t\t\t\t\t\t\t\t<\/div>\n\t\t\t\t<\/div>\n\t\t\t\t\t<\/div>\n\t\t<\/div>\n\t\t\t\t<div class=\"elementor-column elementor-col-50 elementor-top-column elementor-element elementor-element-f7af0d1\" data-id=\"f7af0d1\" data-element_type=\"column\" data-e-type=\"column\">\n\t\t\t<div class=\"elementor-widget-wrap elementor-element-populated\">\n\t\t\t\t\t\t<div class=\"elementor-element elementor-element-f7831c6 elementor-widget elementor-widget-text-editor\" data-id=\"f7831c6\" data-element_type=\"widget\" data-e-type=\"widget\" data-widget_type=\"text-editor.default\">\n\t\t\t\t<div class=\"elementor-widget-container\">\n\t\t\t\t\t\t\t\t\t<p><span style=\"color: #000000;\"><strong>Conciencia ambiental:<\/strong><\/span><\/p><ul><li><span style=\"color: #000000;\"><strong>Exploraci\u00f3n de la naturaleza:<\/strong> Fomenta la conexi\u00f3n con la naturaleza mediante actividades al aire libre, como excursiones, caminatas, y observaci\u00f3n de la flora y fauna local.<\/span><\/li><li><span style=\"color: #000000;\"><strong>Sensibilizaci\u00f3n sobre problemas ambientales:<\/strong> Introduce conceptos como la contaminaci\u00f3n, el cambio clim\u00e1tico, la p\u00e9rdida de biodiversidad y la importancia de los recursos naturales.<\/span><\/li><\/ul>\t\t\t\t\t\t\t\t<\/div>\n\t\t\t\t<\/div>\n\t\t\t\t\t<\/div>\n\t\t<\/div>\n\t\t\t\t\t<\/div>\n\t\t<\/section>\n\t\t\t\t<section class=\"elementor-section elementor-top-section elementor-element elementor-element-b0f536b elementor-section-boxed elementor-section-height-default elementor-section-height-default wpr-particle-no wpr-sticky-section-no wpr-column-slider-no wpr-equal-height-no\" data-id=\"b0f536b\" data-element_type=\"section\" data-e-type=\"section\">\n\t\t\t\t\t\t<div class=\"elementor-container elementor-column-gap-default\">\n\t\t\t\t\t<div class=\"elementor-column elementor-col-50 elementor-top-column elementor-element elementor-element-29b3d5e\" data-id=\"29b3d5e\" data-element_type=\"column\" data-e-type=\"column\">\n\t\t\t<div class=\"elementor-widget-wrap elementor-element-populated\">\n\t\t\t\t\t\t<div class=\"elementor-element elementor-element-72ba3ab elementor-widget elementor-widget-text-editor\" data-id=\"72ba3ab\" data-element_type=\"widget\" data-e-type=\"widget\" data-widget_type=\"text-editor.default\">\n\t\t\t\t<div class=\"elementor-widget-container\">\n\t\t\t\t\t\t\t\t\t<p><span style=\"color: #000000;\"><strong>Pr\u00e1cticas sostenibles:<\/strong><\/span><\/p><ul><li><span style=\"color: #000000;\"><strong>Reciclaje y reutilizaci\u00f3n:<\/strong> Ense\u00f1a la importancia del reciclaje y c\u00f3mo reducir el desperdicio mediante la reutilizaci\u00f3n de materiales.<\/span><\/li><li><span style=\"color: #000000;\"><strong>Conservaci\u00f3n de energ\u00eda y agua:<\/strong> Incentiva h\u00e1bitos que reduzcan el consumo de energ\u00eda y agua, como apagar luces innecesarias y cerrar grifos cuando no se est\u00e9n utilizando.<\/span><\/li><\/ul>\t\t\t\t\t\t\t\t<\/div>\n\t\t\t\t<\/div>\n\t\t\t\t\t<\/div>\n\t\t<\/div>\n\t\t\t\t<div class=\"elementor-column elementor-col-50 elementor-top-column elementor-element elementor-element-56296d7\" data-id=\"56296d7\" data-element_type=\"column\" data-e-type=\"column\">\n\t\t\t<div class=\"elementor-widget-wrap elementor-element-populated\">\n\t\t\t\t\t\t<div class=\"elementor-element elementor-element-ebadf90 elementor-widget elementor-widget-image\" data-id=\"ebadf90\" data-element_type=\"widget\" data-e-type=\"widget\" data-widget_type=\"image.default\">\n\t\t\t\t<div class=\"elementor-widget-container\">\n\t\t\t\t\t\t\t\t\t\t\t\t\t\t\t<img decoding=\"async\" width=\"1024\" height=\"683\" src=\"https:\/\/redescubramossonora.mx\/renaturasonora\/wp-content\/uploads\/2024\/01\/IMG_3912.jpg\" class=\"attachment-large size-large wp-image-3208\" alt=\"\" srcset=\"https:\/\/redescubramossonora.mx\/renaturasonora\/wp-content\/uploads\/2024\/01\/IMG_3912.jpg 1024w, https:\/\/redescubramossonora.mx\/renaturasonora\/wp-content\/uploads\/2024\/01\/IMG_3912-300x200.jpg 300w, https:\/\/redescubramossonora.mx\/renaturasonora\/wp-content\/uploads\/2024\/01\/IMG_3912-768x512.jpg 768w, https:\/\/redescubramossonora.mx\/renaturasonora\/wp-content\/uploads\/2024\/01\/IMG_3912-205x137.jpg 205w, https:\/\/redescubramossonora.mx\/renaturasonora\/wp-content\/uploads\/2024\/01\/IMG_3912-480x320.jpg 480w\" sizes=\"(max-width: 1024px) 100vw, 1024px\" \/>\t\t\t\t\t\t\t\t\t\t\t\t\t\t\t<\/div>\n\t\t\t\t<\/div>\n\t\t\t\t\t<\/div>\n\t\t<\/div>\n\t\t\t\t\t<\/div>\n\t\t<\/section>\n\t\t\t\t<section class=\"elementor-section elementor-top-section elementor-element elementor-element-7d1e63e elementor-section-boxed elementor-section-height-default elementor-section-height-default wpr-particle-no wpr-sticky-section-no wpr-column-slider-no wpr-equal-height-no\" data-id=\"7d1e63e\" data-element_type=\"section\" data-e-type=\"section\">\n\t\t\t\t\t\t<div class=\"elementor-container elementor-column-gap-default\">\n\t\t\t\t\t<div class=\"elementor-column elementor-col-50 elementor-top-column elementor-element elementor-element-ef91b86\" data-id=\"ef91b86\" data-element_type=\"column\" data-e-type=\"column\">\n\t\t\t<div class=\"elementor-widget-wrap elementor-element-populated\">\n\t\t\t\t\t\t<div class=\"elementor-element elementor-element-1ec6651 elementor-widget elementor-widget-image\" data-id=\"1ec6651\" data-element_type=\"widget\" data-e-type=\"widget\" data-widget_type=\"image.default\">\n\t\t\t\t<div class=\"elementor-widget-container\">\n\t\t\t\t\t\t\t\t\t\t\t\t\t\t\t<img decoding=\"async\" width=\"1290\" height=\"968\" src=\"https:\/\/redescubramossonora.mx\/renaturasonora\/wp-content\/uploads\/2024\/01\/IMG20220225111014-2048x1536.jpg\" class=\"attachment-large size-large wp-image-3213\" alt=\"\" srcset=\"https:\/\/redescubramossonora.mx\/renaturasonora\/wp-content\/uploads\/2024\/01\/IMG20220225111014-2048x1536.jpg 2048w, https:\/\/redescubramossonora.mx\/renaturasonora\/wp-content\/uploads\/2024\/01\/IMG20220225111014-300x225.jpg 300w, https:\/\/redescubramossonora.mx\/renaturasonora\/wp-content\/uploads\/2024\/01\/IMG20220225111014-768x576.jpg 768w, https:\/\/redescubramossonora.mx\/renaturasonora\/wp-content\/uploads\/2024\/01\/IMG20220225111014-1536x1152.jpg 1536w, https:\/\/redescubramossonora.mx\/renaturasonora\/wp-content\/uploads\/2024\/01\/IMG20220225111014-205x154.jpg 205w, https:\/\/redescubramossonora.mx\/renaturasonora\/wp-content\/uploads\/2024\/01\/IMG20220225111014-480x360.jpg 480w\" sizes=\"(max-width: 1290px) 100vw, 1290px\" \/>\t\t\t\t\t\t\t\t\t\t\t\t\t\t\t<\/div>\n\t\t\t\t<\/div>\n\t\t\t\t\t<\/div>\n\t\t<\/div>\n\t\t\t\t<div class=\"elementor-column elementor-col-50 elementor-top-column elementor-element elementor-element-de146a5\" data-id=\"de146a5\" data-element_type=\"column\" data-e-type=\"column\">\n\t\t\t<div class=\"elementor-widget-wrap elementor-element-populated\">\n\t\t\t\t\t\t<div class=\"elementor-element elementor-element-c9b19c1 elementor-widget elementor-widget-text-editor\" data-id=\"c9b19c1\" data-element_type=\"widget\" data-e-type=\"widget\" data-widget_type=\"text-editor.default\">\n\t\t\t\t<div class=\"elementor-widget-container\">\n\t\t\t\t\t\t\t\t\t<p><span style=\"color: #000000;\"><strong>Participaci\u00f3n activa:<\/strong><\/span><\/p><ul><li><span style=\"color: #000000;\"><strong>Proyectos ecol\u00f3gicos:<\/strong> Involucra a los ni\u00f1os y adolescentes en proyectos pr\u00e1cticos, como la creaci\u00f3n de jardines escolares, la plantaci\u00f3n de \u00e1rboles y la participaci\u00f3n en programas de limpieza comunitaria.<\/span><\/li><li><span style=\"color: #000000;\"><strong>Involucramiento familiar:<\/strong> Motiva la participaci\u00f3n de las familias en actividades ambientales para fortalecer los mensajes y h\u00e1bitos sostenibles en el hogar.<\/span><\/li><\/ul>\t\t\t\t\t\t\t\t<\/div>\n\t\t\t\t<\/div>\n\t\t\t\t\t<\/div>\n\t\t<\/div>\n\t\t\t\t\t<\/div>\n\t\t<\/section>\n\t\t\t\t<section class=\"elementor-section elementor-top-section elementor-element elementor-element-35345f5 elementor-section-boxed elementor-section-height-default elementor-section-height-default wpr-particle-no wpr-sticky-section-no wpr-column-slider-no wpr-equal-height-no\" data-id=\"35345f5\" data-element_type=\"section\" data-e-type=\"section\">\n\t\t\t\t\t\t<div class=\"elementor-container elementor-column-gap-default\">\n\t\t\t\t\t<div class=\"elementor-column elementor-col-50 elementor-top-column elementor-element elementor-element-8e1666a\" data-id=\"8e1666a\" data-element_type=\"column\" data-e-type=\"column\">\n\t\t\t<div class=\"elementor-widget-wrap elementor-element-populated\">\n\t\t\t\t\t\t<div class=\"elementor-element elementor-element-1626c35 elementor-widget elementor-widget-text-editor\" data-id=\"1626c35\" data-element_type=\"widget\" data-e-type=\"widget\" data-widget_type=\"text-editor.default\">\n\t\t\t\t<div class=\"elementor-widget-container\">\n\t\t\t\t\t\t\t\t\t<p><span style=\"color: #000000;\"><strong>Educaci\u00f3n basada en la experiencia:<\/strong><\/span><\/p><ul><li><span style=\"color: #000000;\"><strong>Juegos educativos:<\/strong> Utiliza juegos y actividades interactivas que ense\u00f1en conceptos ambientales de manera divertida y participativa.<\/span><\/li><li><span style=\"color: #000000;\"><strong>Experimentos pr\u00e1cticos:<\/strong> Realiza experimentos sencillos que ilustren conceptos como la descomposici\u00f3n, el ciclo del agua o la importancia de las plantas en el equilibrio ambiental.<\/span><\/li><\/ul>\t\t\t\t\t\t\t\t<\/div>\n\t\t\t\t<\/div>\n\t\t\t\t\t<\/div>\n\t\t<\/div>\n\t\t\t\t<div class=\"elementor-column elementor-col-50 elementor-top-column elementor-element elementor-element-7a7c0bc\" data-id=\"7a7c0bc\" data-element_type=\"column\" data-e-type=\"column\">\n\t\t\t<div class=\"elementor-widget-wrap elementor-element-populated\">\n\t\t\t\t\t\t<div class=\"elementor-element elementor-element-b24391b elementor-widget elementor-widget-image\" data-id=\"b24391b\" data-element_type=\"widget\" data-e-type=\"widget\" data-widget_type=\"image.default\">\n\t\t\t\t<div class=\"elementor-widget-container\">\n\t\t\t\t\t\t\t\t\t\t\t\t\t\t\t<img loading=\"lazy\" decoding=\"async\" width=\"1290\" height=\"968\" src=\"https:\/\/redescubramossonora.mx\/renaturasonora\/wp-content\/uploads\/2024\/01\/WhatsApp-Image-2024-01-13-at-5.17.20-AM.jpeg\" class=\"attachment-large size-large wp-image-3214\" alt=\"\" srcset=\"https:\/\/redescubramossonora.mx\/renaturasonora\/wp-content\/uploads\/2024\/01\/WhatsApp-Image-2024-01-13-at-5.17.20-AM.jpeg 1600w, https:\/\/redescubramossonora.mx\/renaturasonora\/wp-content\/uploads\/2024\/01\/WhatsApp-Image-2024-01-13-at-5.17.20-AM-300x225.jpeg 300w, https:\/\/redescubramossonora.mx\/renaturasonora\/wp-content\/uploads\/2024\/01\/WhatsApp-Image-2024-01-13-at-5.17.20-AM-768x576.jpeg 768w, https:\/\/redescubramossonora.mx\/renaturasonora\/wp-content\/uploads\/2024\/01\/WhatsApp-Image-2024-01-13-at-5.17.20-AM-1536x1152.jpeg 1536w, https:\/\/redescubramossonora.mx\/renaturasonora\/wp-content\/uploads\/2024\/01\/WhatsApp-Image-2024-01-13-at-5.17.20-AM-205x154.jpeg 205w, https:\/\/redescubramossonora.mx\/renaturasonora\/wp-content\/uploads\/2024\/01\/WhatsApp-Image-2024-01-13-at-5.17.20-AM-480x360.jpeg 480w\" sizes=\"(max-width: 1290px) 100vw, 1290px\" \/>\t\t\t\t\t\t\t\t\t\t\t\t\t\t\t<\/div>\n\t\t\t\t<\/div>\n\t\t\t\t\t<\/div>\n\t\t<\/div>\n\t\t\t\t\t<\/div>\n\t\t<\/section>\n\t\t\t\t<section class=\"elementor-section elementor-top-section elementor-element elementor-element-1d91a0a elementor-section-boxed elementor-section-height-default elementor-section-height-default wpr-particle-no wpr-sticky-section-no wpr-column-slider-no wpr-equal-height-no\" data-id=\"1d91a0a\" data-element_type=\"section\" data-e-type=\"section\">\n\t\t\t\t\t\t<div class=\"elementor-container elementor-column-gap-default\">\n\t\t\t\t\t<div class=\"elementor-column elementor-col-50 elementor-top-column elementor-element elementor-element-b9f66b3\" data-id=\"b9f66b3\" data-element_type=\"column\" data-e-type=\"column\">\n\t\t\t<div class=\"elementor-widget-wrap elementor-element-populated\">\n\t\t\t\t\t\t<div class=\"elementor-element elementor-element-fe06b8b elementor-widget elementor-widget-image\" data-id=\"fe06b8b\" data-element_type=\"widget\" data-e-type=\"widget\" data-widget_type=\"image.default\">\n\t\t\t\t<div class=\"elementor-widget-container\">\n\t\t\t\t\t\t\t\t\t\t\t\t\t\t\t<img loading=\"lazy\" decoding=\"async\" width=\"1024\" height=\"683\" src=\"https:\/\/redescubramossonora.mx\/renaturasonora\/wp-content\/uploads\/2024\/01\/IMG_4223.jpg\" class=\"attachment-large size-large wp-image-3218\" alt=\"\" srcset=\"https:\/\/redescubramossonora.mx\/renaturasonora\/wp-content\/uploads\/2024\/01\/IMG_4223.jpg 1024w, https:\/\/redescubramossonora.mx\/renaturasonora\/wp-content\/uploads\/2024\/01\/IMG_4223-300x200.jpg 300w, https:\/\/redescubramossonora.mx\/renaturasonora\/wp-content\/uploads\/2024\/01\/IMG_4223-768x512.jpg 768w, https:\/\/redescubramossonora.mx\/renaturasonora\/wp-content\/uploads\/2024\/01\/IMG_4223-205x137.jpg 205w, https:\/\/redescubramossonora.mx\/renaturasonora\/wp-content\/uploads\/2024\/01\/IMG_4223-480x320.jpg 480w\" sizes=\"(max-width: 1024px) 100vw, 1024px\" \/>\t\t\t\t\t\t\t\t\t\t\t\t\t\t\t<\/div>\n\t\t\t\t<\/div>\n\t\t\t\t\t<\/div>\n\t\t<\/div>\n\t\t\t\t<div class=\"elementor-column elementor-col-50 elementor-top-column elementor-element elementor-element-7219246\" data-id=\"7219246\" data-element_type=\"column\" data-e-type=\"column\">\n\t\t\t<div class=\"elementor-widget-wrap elementor-element-populated\">\n\t\t\t\t\t\t<div class=\"elementor-element elementor-element-ab94784 elementor-widget elementor-widget-text-editor\" data-id=\"ab94784\" data-element_type=\"widget\" data-e-type=\"widget\" data-widget_type=\"text-editor.default\">\n\t\t\t\t<div class=\"elementor-widget-container\">\n\t\t\t\t\t\t\t\t\t<p><span style=\"color: #000000;\"><strong>Fomento del pensamiento cr\u00edtico:<\/strong><\/span><\/p><ul><li><span style=\"color: #000000;\"><strong>Debate y discusi\u00f3n:<\/strong> Promueve la discusi\u00f3n sobre problemas ambientales actuales, alentando a los estudiantes a expresar sus opiniones y buscar soluciones.<\/span><\/li><li><span style=\"color: #000000;\"><strong>Proyectos de investigaci\u00f3n:<\/strong> Facilita proyectos de investigaci\u00f3n que permitan a los adolescentes explorar a fondo temas ambientales y proponer posibles soluciones.<\/span><\/li><\/ul>\t\t\t\t\t\t\t\t<\/div>\n\t\t\t\t<\/div>\n\t\t\t\t\t<\/div>\n\t\t<\/div>\n\t\t\t\t\t<\/div>\n\t\t<\/section>\n\t\t\t\t<section class=\"elementor-section elementor-top-section elementor-element elementor-element-2a32ab4 elementor-section-boxed elementor-section-height-default elementor-section-height-default wpr-particle-no wpr-sticky-section-no wpr-column-slider-no wpr-equal-height-no\" data-id=\"2a32ab4\" data-element_type=\"section\" data-e-type=\"section\">\n\t\t\t\t\t\t<div class=\"elementor-container elementor-column-gap-default\">\n\t\t\t\t\t<div class=\"elementor-column elementor-col-50 elementor-top-column elementor-element elementor-element-8efe8f6\" data-id=\"8efe8f6\" data-element_type=\"column\" data-e-type=\"column\">\n\t\t\t<div class=\"elementor-widget-wrap elementor-element-populated\">\n\t\t\t\t\t\t<div class=\"elementor-element elementor-element-8942fc5 elementor-widget elementor-widget-text-editor\" data-id=\"8942fc5\" data-element_type=\"widget\" data-e-type=\"widget\" data-widget_type=\"text-editor.default\">\n\t\t\t\t<div class=\"elementor-widget-container\">\n\t\t\t\t\t\t\t\t\t<p><span style=\"color: #000000;\"><strong>Empoderamiento y acci\u00f3n:<\/strong><\/span><\/p><ul><li><span style=\"color: #000000;\"><strong>Proyectos comunitarios:<\/strong> Incentiva la participaci\u00f3n en proyectos que aborden problemas\u00a0<a href=\"https:\/\/lugantopservice.com.ua\">https:\/\/lugantopservice.com.ua<\/a> ambientales locales, fomentando un sentido de responsabilidad y acci\u00f3n.<\/span><\/li><li><span style=\"color: #000000;\"><strong>Liderazgo ambiental:<\/strong> Desarrolla habilidades de liderazgo y empoderamiento, inspirando a los estudiantes a convertirse en defensores del medio ambiente en sus comunidades.<\/span><\/li><\/ul>\t\t\t\t\t\t\t\t<\/div>\n\t\t\t\t<\/div>\n\t\t\t\t\t<\/div>\n\t\t<\/div>\n\t\t\t\t<div class=\"elementor-column elementor-col-50 elementor-top-column elementor-element elementor-element-82b2bb0\" data-id=\"82b2bb0\" data-element_type=\"column\" data-e-type=\"column\">\n\t\t\t<div class=\"elementor-widget-wrap elementor-element-populated\">\n\t\t\t\t\t\t<div class=\"elementor-element elementor-element-3600367 elementor-widget elementor-widget-image\" data-id=\"3600367\" data-element_type=\"widget\" data-e-type=\"widget\" data-widget_type=\"image.default\">\n\t\t\t\t<div class=\"elementor-widget-container\">\n\t\t\t\t\t\t\t\t\t\t\t\t\t\t\t<img loading=\"lazy\" decoding=\"async\" width=\"1024\" height=\"683\" src=\"https:\/\/redescubramossonora.mx\/renaturasonora\/wp-content\/uploads\/2024\/01\/IMG_4235.jpg\" class=\"attachment-large size-large wp-image-3222\" alt=\"\" srcset=\"https:\/\/redescubramossonora.mx\/renaturasonora\/wp-content\/uploads\/2024\/01\/IMG_4235.jpg 1024w, https:\/\/redescubramossonora.mx\/renaturasonora\/wp-content\/uploads\/2024\/01\/IMG_4235-300x200.jpg 300w, https:\/\/redescubramossonora.mx\/renaturasonora\/wp-content\/uploads\/2024\/01\/IMG_4235-768x512.jpg 768w, https:\/\/redescubramossonora.mx\/renaturasonora\/wp-content\/uploads\/2024\/01\/IMG_4235-205x137.jpg 205w, https:\/\/redescubramossonora.mx\/renaturasonora\/wp-content\/uploads\/2024\/01\/IMG_4235-480x320.jpg 480w\" sizes=\"(max-width: 1024px) 100vw, 1024px\" \/>\t\t\t\t\t\t\t\t\t\t\t\t\t\t\t<\/div>\n\t\t\t\t<\/div>\n\t\t\t\t\t<\/div>\n\t\t<\/div>\n\t\t\t\t\t<\/div>\n\t\t<\/section>\n\t\t\t\t<section class=\"elementor-section elementor-top-section elementor-element elementor-element-13c7c08 elementor-section-boxed elementor-section-height-default elementor-section-height-default wpr-particle-no wpr-sticky-section-no wpr-column-slider-no wpr-equal-height-no\" data-id=\"13c7c08\" data-element_type=\"section\" data-e-type=\"section\">\n\t\t\t\t\t\t<div class=\"elementor-container elementor-column-gap-default\">\n\t\t\t\t\t<div class=\"elementor-column elementor-col-100 elementor-top-column elementor-element elementor-element-312cbc1\" data-id=\"312cbc1\" data-element_type=\"column\" data-e-type=\"column\">\n\t\t\t<div class=\"elementor-widget-wrap elementor-element-populated\">\n\t\t\t\t\t\t<div class=\"elementor-element elementor-element-11a9ba8 elementor-widget elementor-widget-text-editor\" data-id=\"11a9ba8\" data-element_type=\"widget\" data-e-type=\"widget\" data-widget_type=\"text-editor.default\">\n\t\t\t\t<div class=\"elementor-widget-container\">\n\t\t\t\t\t\t\t\t\t<p><span style=\"color: #000000;\">La educaci\u00f3n ambiental para ni\u00f1os y adolescentes no solo se trata de transmitir informaci\u00f3n, sino de inspirar un cambio positivo en la actitud y el comportamiento hacia el medio ambiente, promoviendo una generaci\u00f3n comprometida con la sostenibilidad.<\/span><\/p>\t\t\t\t\t\t\t\t<\/div>\n\t\t\t\t<\/div>\n\t\t\t\t\t<\/div>\n\t\t<\/div>\n\t\t\t\t\t<\/div>\n\t\t<\/section>\n\t\t\t\t<\/div>\n\t\t","protected":false},"excerpt":{"rendered":"<p>La educaci\u00f3n ambiental para ni\u00f1os y adolescentes es crucial para cultivar una conciencia ecol\u00f3gica desde una edad temprana y fomentar actitudes y comportamientos sostenibles. Aqu\u00ed hay algunos aspectos clave sobre la educaci\u00f3n ambiental para este grupo de edad. Conciencia ambiental: Exploraci\u00f3n de la naturaleza: Fomenta la conexi\u00f3n con la naturaleza mediante actividades al aire libre, como excursiones, caminatas, y observaci\u00f3n de la flora y fauna local. Sensibilizaci\u00f3n sobre problemas ambientales: Introduce conceptos como la contaminaci\u00f3n, el cambio clim\u00e1tico, la p\u00e9rdida de biodiversidad y la importancia de los recursos naturales. Pr\u00e1cticas sostenibles: Reciclaje y reutilizaci\u00f3n: Ense\u00f1a la importancia del reciclaje y c\u00f3mo reducir el desperdicio mediante la reutilizaci\u00f3n de materiales. Conservaci\u00f3n de energ\u00eda y agua: Incentiva h\u00e1bitos que reduzcan el consumo de energ\u00eda y agua, como apagar luces innecesarias y cerrar grifos cuando no se est\u00e9n utilizando. Participaci\u00f3n activa: Proyectos ecol\u00f3gicos: Involucra a los ni\u00f1os y adolescentes en proyectos pr\u00e1cticos, como la creaci\u00f3n de jardines escolares, la plantaci\u00f3n de \u00e1rboles y la participaci\u00f3n en programas de limpieza comunitaria. Involucramiento familiar: Motiva la participaci\u00f3n de las familias en actividades ambientales para fortalecer los mensajes y h\u00e1bitos sostenibles en el hogar. Educaci\u00f3n basada en la experiencia: Juegos educativos: Utiliza juegos y actividades interactivas que ense\u00f1en conceptos ambientales de manera divertida y participativa. Experimentos pr\u00e1cticos: Realiza experimentos sencillos que ilustren conceptos como la descomposici\u00f3n, el ciclo del agua o la importancia de las plantas en el equilibrio ambiental. Fomento del pensamiento cr\u00edtico: Debate y discusi\u00f3n: Promueve la discusi\u00f3n sobre problemas ambientales actuales, alentando a los estudiantes a expresar sus opiniones y buscar soluciones. Proyectos de investigaci\u00f3n: Facilita proyectos de investigaci\u00f3n que permitan a los adolescentes explorar a fondo temas ambientales y proponer posibles soluciones. Empoderamiento y acci\u00f3n: Proyectos comunitarios: Incentiva la participaci\u00f3n en proyectos que aborden problemas\u00a0https:\/\/lugantopservice.com.ua ambientales locales, fomentando un sentido de responsabilidad y acci\u00f3n. Liderazgo ambiental: Desarrolla habilidades de liderazgo y empoderamiento, inspirando a los estudiantes a convertirse en defensores del medio ambiente en sus comunidades. La educaci\u00f3n ambiental para ni\u00f1os y adolescentes no solo se trata de transmitir informaci\u00f3n, sino de inspirar un cambio positivo en la actitud y el comportamiento hacia el medio ambiente, promoviendo una generaci\u00f3n comprometida con la sostenibilidad.<\/p>\n","protected":false},"author":2,"featured_media":0,"parent":0,"menu_order":0,"comment_status":"closed","ping_status":"closed","template":"","meta":{"footnotes":""},"class_list":["post-3198","page","type-page","status-publish","hentry"],"blocksy_meta":{"styles_descriptor":{"styles":{"desktop":"","tablet":"","mobile":""},"google_fonts":[],"version":6}},"_links":{"self":[{"href":"https:\/\/redescubramossonora.mx\/renaturasonora\/wp-json\/wp\/v2\/pages\/3198","targetHints":{"allow":["GET"]}}],"collection":[{"href":"https:\/\/redescubramossonora.mx\/renaturasonora\/wp-json\/wp\/v2\/pages"}],"about":[{"href":"https:\/\/redescubramossonora.mx\/renaturasonora\/wp-json\/wp\/v2\/types\/page"}],"author":[{"embeddable":true,"href":"https:\/\/redescubramossonora.mx\/renaturasonora\/wp-json\/wp\/v2\/users\/2"}],"replies":[{"embeddable":true,"href":"https:\/\/redescubramossonora.mx\/renaturasonora\/wp-json\/wp\/v2\/comments?post=3198"}],"version-history":[{"count":22,"href":"https:\/\/redescubramossonora.mx\/renaturasonora\/wp-json\/wp\/v2\/pages\/3198\/revisions"}],"predecessor-version":[{"id":4181,"href":"https:\/\/redescubramossonora.mx\/renaturasonora\/wp-json\/wp\/v2\/pages\/3198\/revisions\/4181"}],"wp:attachment":[{"href":"https:\/\/redescubramossonora.mx\/renaturasonora\/wp-json\/wp\/v2\/media?parent=3198"}],"curies":[{"name":"wp","href":"https:\/\/api.w.org\/{rel}","templated":true}]}}